ive of b**4/2 - b**3 + 2*b**2 + b. Let q be h(4). Suppose -t = -w + q, t - 232 = -6*w + 3*w. Is w a composite number?
True
Suppose 5*t = c - 7514, 2*c - 917 = t + 593. Let i = t + 2391. Is i composite?
True
Let b(v) = v - 5. Let a be b(7). Let q(u) = 2*u**2 - 8*u + 2. Let w be q(4). Suppose 0 = -a*j - w*j + 124. Is j a prime number?
True
Suppose -5*z + 4*x - 5 = 1, -1 = x. Is -4*50/z - 3 a composite number?
False
Suppose 13224 + 14920 = 16*d. Is d prime?
True
Suppose 3*u = -0*u + 3*l - 42, u + 23 = -2*l. Let f be (u + -1)*(-1)/3. Is 712/6 - 4/f composite?
True
Suppose 4 = -u + 6. Suppose 1540 = u*s - 1306. Is s a prime number?
True
Let b(w) = w**3 + 2*w**2 + 18*w - 5. Let x be b(15). Let z = -1271 + x. Is z a composite number?
False
Let c = -1911 + 3817. Suppose -6*i + c = -1880. Is i prime?
True
Let n = -1054 - -2919. Is n a composite number?
True
Suppose -19*p + 0*p + 282739 = 0. Is p prime?
False
Suppose 9080 = 30*k - 190930. Is k composite?
True
Let n be 14/(-49) - (-60)/14. Suppose 0*v + 2*v - 146 = g, -n*g - 73 = -v. Suppose 393 = 5*u - 4*h, 0 = -u + 3*h - 5*h + v. Is u composite?
True
Let f = -13 - -18. Suppose -4*s + 5*w - 4 = 0, 0*w - f*w = 2*s - 28. Is (-2)/s + 1602/12 a composite number?
True
Let n = 36940 + -13217. Is n a prime number?
False
Suppose 4*a + 8 = 4*i, -10 = -5*a - 4*i - 2. Suppose a = 21*w - 27*w + 1062. Is w a composite number?
True
Let r = -2201 - 764. Let c = r + 6758. Is c a composite number?
False
Suppose 2*s - 63 = 263. Let p = -106 + s. Is 0/(-14) + (p - -1) prime?
False
Let n(i) = 28*i**2 - 2*i - 5. Let h be n(-7). Suppose 0 = 2*c - 3*c + 5*p + h, -6847 = -5*c - 4*p. Is c composite?
True
Suppose -2*o = -0*o - 8, 280 = 5*a + 5*o. Let f = a - 6. Is f a prime number?
False
Suppose 0 = 2*m + r - 4303, -5*m + 10774 = -2*r - r. Is m a composite number?
False
Suppose 0 = 3*n + 6*s - 3*s - 1533, 495 = n + 5*s. Suppose -o + d = -n, -2*d = -o - 4*d + 521. Is o a prime number?
False
Suppose -5*v + 2*v - 3 = 0. Let z(f) = f + 116*f**2 + 154911 - 154911. Is z(v) composite?
True
Suppose -191 = -5*o + 5814. Let t = -566 + o. Is t prime?
False
Suppose 21 = 2*q - p - 0, -3*p = -4*q + 47. Let n(o) = o**3 + 5*o**2 - o + 3. Let x be n(-6). Let f = q - x. Is f composite?
True
Let k = 15 - 7. Let o(z) = 32*z - 9. Let t(v) = -63*v + 20. Let r(f) = 9*o(f) + 4*t(f). Is r(k) a prime number?
False
Let x(l) = 839*l**2 - 29*l - 115. Is x(-5) composite?
True
Let y = -16 - -18. Is y + -5 + 4 + 2218 a prime number?
False
Let z(s) = -s + 11. Let d be z(6). Suppose 8*v - 135 = d*v. Let l = v + 14. Is l composite?
False
Let s = -50 - -62. Let n(h) = 4*h**3 + h**2 - h. Let t be n(1). Suppose 0 = -5*q - u + 1479, -t*u + u + s = 0. Is q composite?
True
Let t = 1360 + -874. Let y = 699 - t. Is y a composite number?
True
Let v(d) = d**3 - 2*d + 2. Let w be v(2). Let h be (24/(-32))/(3/(-8)). Is (-9)/w*h + 332 a prime number?
False
Suppose 0 = -t + 4*t - 5*z - 3079, t - 1029 = 3*z. Let y = 1436 - t. Is y composite?
True
Let u(l) = l**3 + 24*l**2 - 17*l + 9. Let w be u(-16). Let z = -1530 + w. Is z prime?
False
Suppose 3*m - 6827 = 4*l, 2*l = l + m - 1707. Let g = l + 3148. Let y = g - 1011. Is y a composite number?
False
Let c be (-4308)/(-22) + 4/22. Is 1 + c + (4 - 2) composite?
False
Is 15546/(-9)*-9*(-70)/(-60) a composite number?
True
Suppose -60*n + 55*n + 6365 = 0. Is n a composite number?
True
Let q = 4090 - 1504. Let r = q + -1078. Suppose -r = -a - 3*a. Is a composite?
True
Let p(i) = 31*i**2 + 6*i - 11. Is p(4) a prime number?
True
Let j = -46 - -48. Suppose g - 12 - 692 = -3*u, -2 = -j*u. Is g prime?
True
Suppose 0 = -675*l + 671*l + 52004. Is l prime?
True
Let w(j) = -4*j**3 - 11*j**2 - 7*j - 17. Is w(-10) a composite number?
False
Suppose -s - 164 = -185. Is s a composite number?
True
Suppose d = 3*i - 2*d, 3*i = 2*d. Suppose -4*m + 4*j + j - 27 = i, -3*j = 5*m + 6. Is (22/(-4))/(m/42) a composite number?
True
Suppose -3*a = 4*v - 32453, 6*v + 4*a = 4*v + 16214. Is v a prime number?
True
Suppose 4*q + 27 = 23, 4*q + 136370 = 2*h. Is h prime?
False
Let n(z) = -5*z**2 + 4*z + 1. Let v be n(-2). Let w be 26*(-7)/((-42)/v). Let x = 308 + w. Is x composite?
False
Let s(u) = 32*u**2 - 4*u - 7. Let v = 78 - 112. Let g = v + 32. Is s(g) a prime number?
False
Suppose 0 = -6*i + 9644 + 5074. Is i prime?
False
Suppose -4*z = -k + 34, -14 = -z + 4*z + 5*k. Let w(o) be the second derivative of -13*o**3/6 - 5*o**2 - 3*o. Is w(z) prime?
False
Let t = -16043 + 40888. Is t composite?
True
Let m(z) = -z**3 - 39*z**2 - 144*z - 115. Is m(-41) prime?
True
Let s be (-227)/(0 + 2/2). Let c = s + 462. Is c composite?
True
Is 8126 - 40/24*-3 composite?
True
Suppose -27930 = -2*s + 4*v, -2*s - v - 10695 + 38620 = 0. Is s a composite number?
False
Suppose 0 = 6*q - 15 - 3. Suppose -4*h + q*w = -87 - 154, 5*w = 25. Suppose 121 + h = t. Is t a composite number?
True
Let o(k) = 64*k + 6. Let s be o(14). Suppose -s = -4*x + 3*g - 249, -5*g = -2*x + 337. Is x composite?
True
Let d = 8 - 6. Suppose 20 = -3*t - 2*t, 2*t + 12 = d*f. Suppose 57 = n + f*n. Is n composite?
False
Let t(m) = 14*m - 7. Suppose -3*q + 0*q = 30. Let z(j) = -j**3 - 10*j**2 - 2*j - 11. Let l be z(q). Is t(l) a composite number?
True
Let l = 1590 + 4027. Is l a prime number?
False
Is 4 + -6 + 2 - -8506 prime?
False
Suppose 0 = 3*g - 4*g. Suppose g = -l - 1 + 4. Is l - (-1*134 - -3) a composite number?
True
Is 7 - (-998 + (2 - 4)) prime?
False
Suppose -5*r - q = 2*q + 34, -3*q = -6. Let j(z) = 6*z**2 + 9*z + 43. Is j(r) a prime number?
False
Suppose 21127 = 2*u + 4*d - 16431, -5*u - 5*d = -93915. Is u a prime number?
True
Suppose -5*u - 421 - 864 = 0. Let n = 490 + u. Is n a prime number?
True
Let b(p) be the third derivative of p**5/6 - p**4/6 + p**3/6 + 2*p**2. Let h be (-8)/(-24) + (-11)/(-3). Is b(h) prime?
False
Let y = 166 + 266. Let v = 1032 + -1225. Let g = y + v. Is g composite?
False
Is (-111956)/(-16) - (1 + (-27)/36) prime?
True
Suppose -15 = 3*f - r, -f = 3*f - r + 20. Let g(s) be the second derivative of -4*s**3/3 - 7*s**2/2 + 3*s. Is g(f) prime?
False
Let v(i) = -3 + 4 + 6 - i**2 + 6*i + 0*i**2. Is v(4) a composite number?
True
Let k = -9316 - -14577. Is k prime?
True
Let h = -2542 + 3631. Let y = h + -646. Is y composite?
False
Let x(f) = 48*f**2 - 39*f + 32. Is x(-13) a composite number?
True
Suppose 5*w - 10*w = 0. Suppose 2*r - 1902 - 1220 = w. Is r prime?
False
Suppose 0*f - 21 = -7*f. Suppose -f*h - 47 = 2*h - 3*w, 2*w = 8. Let x = h - -60. Is x prime?
True
Let r(b) = -25*b + 396. Let c be r(-36). Let a = -3 + 2. Is a/(c/(-1293) + 1) prime?
True
Let c(u) = u**3 - 4*u**2 + 3*u + 1. Let f be c(9). Suppose -6*b + 437 = -f. Is b a composite number?
True
Let c be 1 + 3*(-6)/(-9). Suppose -108 + 15 = -c*h. Is h a composite number?
False
Is 2248618/18 + 17/(306/(-4)) composite?
True
Let s = 18 - 28. Let c be (-232)/s + 5/(-25). Let b = 36 - c. Is b a prime number?
True
Let n(a) = a**3 - 5*a**2 - 5*a - 6. Let t be n(6). Suppose -v + 2*v - 211 = t. Is v prime?
True
Let x(l) = -10684*l - 95. Is x(-3) a prime number?
True
Let j be (4/(-5))/((-4)/50). Let m(t) = -2*t + 8. Let o be m(j). Let x = o - -22. Is x a composite number?
True
Is (-40888)/(-14) - (-14)/(98/3) prime?
False
Let u be (15/(-10))/(12/(-112)). Is 17 - u - (-220 + 0) composite?
False
Suppose -24 = a - 2*a. Let s = 13 - 13. Suppose s = 3*l - 39 - a. Is l a composite number?
True
Suppose 2*m + 5*n = -65, 3*n - 2*n = -5*m - 128. Is (3 + m)*(-1)/2 composite?
False
Is -2 + -5 - (-6180 - -34) prime?
False
Let m(k) = -49*k**3 - 2*k**2 - 6*k - 1. Is m(-4) a prime number?
False
Let r(d) = -17*d + 225. Is r(-28) prime?
True
Let c = -15488 - -22533. Is c a composite number?
True
Suppose 2*q - 10 = -q + p, q - 6 = 3*p. Suppose -3*y - q*u + 815 = -y, 0 = 5*y + 5*u - 2040. Is y composite?
False
Is ((-451545)/4)/((-6)/8) a composite number?
True
Suppose 0*b + 6 = b. Suppose 5*d - 1495 = -5*s, b*s = 2*s - d + 1196. Is s a composite number?
True
Let x be (2/(-5))/(9/(-90)). Suppose d = -x*d + 21805. Suppose -6*f - f + d = 0. Is f a composite number?
True
Let f(q) = 262*q - 89. Is f(16) a composite number?
True
Let f(r) = r**2 + 1. Let q(t) = 8*t**2 - 5*t + 6. Let l(n) = -4*f(n) + q(n). Suppose -4*k = 5*c + 8 + 1, -k = 5*c + 21. Is l(k) a